{"id":60,"date":"2025-10-31T14:54:42","date_gmt":"2025-10-31T14:54:42","guid":{"rendered":"https:\/\/corsair-vol-marseille-maurice.com\/index.php\/front_page\/"},"modified":"2025-11-01T11:05:43","modified_gmt":"2025-11-01T11:05:43","slug":"front_page","status":"publish","type":"page","link":"https:\/\/corsair-vol-marseille-maurice.com\/","title":{"rendered":"Accueil"},"content":{"rendered":"\n\n\n\n\n<figure class=\"wp-block-image alignleft is-resized\"><img decoding=\"async\" src=\"https:\/\/img.freepik.com\/photos-gratuite\/vue-aerienne-reflets-palmiers-dans-eau-turquoise-mer_181624-23162.jpg?semt=ais_hybrid&amp;w=740\" alt=\"Ile Maurice Aeroport - Photos : t\u00e9l\u00e9chargez gratuitement des images de  haute qualit\u00e9 | Freepik\" style=\"width:681px;height:auto\"\/><\/figure>\n\n\n\n\n\n\n\n\n\n\n\n\n\n\n","protected":false},"excerpt":{"rendered":"","protected":false},"author":1,"featured_media":0,"parent":0,"menu_order":0,"comment_status":"closed","ping_status":"closed","template":"kubio-full-width","meta":{"saved_in_kubio":true,"footnotes":""},"class_list":["post-60","page","type-page","status-publish","hentry"],"kubio_ai_page_context":{"short_desc":"","purpose":"general","isFrontPage":true},"_links":{"self":[{"href":"https:\/\/corsair-vol-marseille-maurice.com\/index.php\/wp-json\/wp\/v2\/pages\/60","targetHints":{"allow":["GET"]}}],"collection":[{"href":"https:\/\/corsair-vol-marseille-maurice.com\/index.php\/wp-json\/wp\/v2\/pages"}],"about":[{"href":"https:\/\/corsair-vol-marseille-maurice.com\/index.php\/wp-json\/wp\/v2\/types\/page"}],"author":[{"embeddable":true,"href":"https:\/\/corsair-vol-marseille-maurice.com\/index.php\/wp-json\/wp\/v2\/users\/1"}],"replies":[{"embeddable":true,"href":"https:\/\/corsair-vol-marseille-maurice.com\/index.php\/wp-json\/wp\/v2\/comments?post=60"}],"version-history":[{"count":2,"href":"https:\/\/corsair-vol-marseille-maurice.com\/index.php\/wp-json\/wp\/v2\/pages\/60\/revisions"}],"predecessor-version":[{"id":107,"href":"https:\/\/corsair-vol-marseille-maurice.com\/index.php\/wp-json\/wp\/v2\/pages\/60\/revisions\/107"}],"wp:attachment":[{"href":"https:\/\/corsair-vol-marseille-maurice.com\/index.php\/wp-json\/wp\/v2\/media?parent=60"}],"curies":[{"name":"wp","href":"https:\/\/api.w.org\/{rel}","templated":true}]}}